{"id":274,"date":"2021-07-20T00:09:26","date_gmt":"2021-07-19T23:09:26","guid":{"rendered":"https:\/\/gesia-sielanka.pl\/?page_id=274"},"modified":"2023-10-21T15:06:59","modified_gmt":"2023-10-21T14:06:59","slug":"ceny","status":"publish","type":"page","link":"https:\/\/gesia-sielanka.pl\/?page_id=274","title":{"rendered":"Cennik"},"content":{"rendered":"\n<div class=\"is-layout-constrained wp-block-group\"><div class=\"wp-block-group__inner-container\">\n<p>Oferujemy wynaj\u0119cie ca\u0142ego domu w cenie:<\/p>\n\n\n\n<ul>\n<li><span style=\"display: inline-block; min-width: 9em;\">pobyt 3 &#8211; 5 dni:<\/span> 825 z\u0142\/dob\u0119<\/li>\n\n\n\n<li><span style=\"display: inline-block; min-width: 9em;\">pobyt 6 &#8211; 7 dni:<\/span> 700 z\u0142\/dob\u0119<\/li>\n\n\n\n<li><span style=\"display: inline-block; min-width: 9em;\">pozosta\u0142e:<\/span> do uzgodnienia<\/li>\n<\/ul>\n<\/div><\/div>\n\n\n\n<hr class=\"wp-block-separator has-css-opacity\"\/>\n\n\n\n<div class=\"is-layout-constrained wp-block-group\"><div class=\"wp-block-group__inner-container\">\n<p>Po sezonie (wrzesie\u0144 &#8211; kwiecie\u0144) w cenie:<\/p>\n\n\n\n<ul>\n<li><span style=\"display: inline-block; min-width: 9em;\">pobyt 3 &#8211; 5 dni:<\/span> 725 z\u0142\/dob\u0119<\/li>\n\n\n\n<li><span style=\"display: inline-block; min-width: 9em;\">pobyt 6 &#8211; 7 dni:<\/span> 625 z\u0142\/dob\u0119<\/li>\n\n\n\n<li><span style=\"display: inline-block; min-width: 9em;\">pozosta\u0142e:<\/span> do uzgodnienia<\/li>\n<\/ul>\n<\/div><\/div>\n","protected":false},"excerpt":{"rendered":"<p>Oferujemy wynaj\u0119cie ca\u0142ego domu w cenie: Po sezonie (wrzesie\u0144 &#8211; kwiecie\u0144) w cenie:<\/p>\n","protected":false},"author":1,"featured_media":0,"parent":0,"menu_order":0,"comment_status":"closed","ping_status":"closed","template":"","meta":[],"_links":{"self":[{"href":"https:\/\/gesia-sielanka.pl\/index.php?rest_route=\/wp\/v2\/pages\/274"}],"collection":[{"href":"https:\/\/gesia-sielanka.pl\/index.php?rest_route=\/wp\/v2\/pages"}],"about":[{"href":"https:\/\/gesia-sielanka.pl\/index.php?rest_route=\/wp\/v2\/types\/page"}],"author":[{"embeddable":true,"href":"https:\/\/gesia-sielanka.pl\/index.php?rest_route=\/wp\/v2\/users\/1"}],"replies":[{"embeddable":true,"href":"https:\/\/gesia-sielanka.pl\/index.php?rest_route=%2Fwp%2Fv2%2Fcomments&post=274"}],"version-history":[{"count":28,"href":"https:\/\/gesia-sielanka.pl\/index.php?rest_route=\/wp\/v2\/pages\/274\/revisions"}],"predecessor-version":[{"id":983,"href":"https:\/\/gesia-sielanka.pl\/index.php?rest_route=\/wp\/v2\/pages\/274\/revisions\/983"}],"wp:attachment":[{"href":"https:\/\/gesia-sielanka.pl\/index.php?rest_route=%2Fwp%2Fv2%2Fmedia&parent=274"}],"curies":[{"name":"wp","href":"https:\/\/api.w.org\/{rel}","templated":true}]}}